/(-4))?
0
Let v = 250 - 256. What is the units digit of (2 - -220) + 7 + v?
3
Suppose 5*q - 6*q = 5*m, 5*q = 5*m. What is the hundreds digit of -1 + 298 + 0 + -3 + m?
2
Let j be (9 + -1)*(-3)/(-8). Suppose d = 2*c + 7, 0 = d - 3*c - 5 - j. Suppose -117 = -x + 5*l, d*l = -x - 10 + 117. What is the units digit of x?
2
Let u = 37116 - 18287. What is the ten thousands digit of u?
1
Let f be (48/(-32))/(12/8528). Let b = -615 - f. What is the tens digit of b?
5
What is the thousands digit of 3357*(13 + (-160)/15)?
7
Suppose 4*v + 14 = 3*h, 11 = -3*v + 5. Let u(l) = 38*l**2 - 2 - 3*l + 2. What is the tens digit of u(h)?
4
Let z(s) = s**2 - 15*s + 24. Let v be z(7). Let b be 1/((12/(-393))/4). Let y = v - b. What is the units digit of y?
9
Let d(f) = 17*f + 225. Let k be d(7). Let v = k - 166. What is the tens digit of v?
7
Suppose 2*z - 28 + 10 = 0. Suppose z*r = 3*r + 30. Suppose 2*i + 124 = -k + r*k, -5*k + 5*i + 160 = 0. What is the tens digit of k?
3
Let l(a) = -a**2 - a + 171. Let o be l(0). Suppose 5*w - 1233 = p, -w = -5*p - 268 + 31. Let z = w - o. What is the tens digit of z?
7
Let j be -27*1 - (-56)/14. Let k(c) = -9*c - 161. What is the units digit of k(j)?
6
What is the tens digit of (-2 + (-6303)/6)/((-37)/3404)?
3
Suppose -2*s - 3*y = -5*s + 42, -s - 4*y + 34 = 0. What is the units digit of (s + -16)/(2/736)?
6
Suppose -6*y + 490 - 172 = 0. Let m = y - 45. Suppose m*f - 2*f = 678. What is the units digit of f?
3
Let f(p) be the second derivative of 58*p**3/3 - 39*p**2/2 + 115*p. What is the units digit of f(5)?
1
Let p be (-1)/((-54)/(-30) + -2). Suppose 656 = p*m - 3*k, 2*m - 257 = 2*k + k. What is the units digit of m?
3
Let h(a) = -9*a**3 - a**2 - 5*a - 9. Let s be h(-3). Let k = s + -55. What is the tens digit of k?
8
Let o(j) = -9*j**3 + j**2 - 4*j + 2. Let q be o(1). Let n be (-7)/(-21) - q/(-12)*-2. What is the units digit of 136/12*(6 + 0) + n?
0
Let p = 543 + -123. Suppose -23*d - p = -27*d. What is the units digit of d?
5
Let j(x) = 79*x**2 - 3*x. Suppose -5*q + 14 = 2*q. Let z be j(q). Let c = z - 54. What is the tens digit of c?
5
Let p = -198 + 200. Suppose -o + 890 - 156 = p*w, 2*o + w = 1480. What is the hundreds digit of o?
7
Suppose -53108 = -2100*l + 2029*l. What is the units digit of l?
8
Let n(z) = -z + 29. Let b be n(6). Let h be (b/2)/(12/72). Let c = 148 - h. What is the tens digit of c?
7
Let h = -39 + 50. Suppose 6*a - h*a + 25 = 0. Suppose 2*d + d - 4*y = 320, y = a*d - 539. What is the hundreds digit of d?
1
What is the tens digit of (-1)/(66/(-3807390)) + (-39)/(-143)?
8
Suppose -3*s = -5*n - 431, 5*n + 714 = 5*s + n. Let c be 54/24 - (-294)/(-56). What is the units digit of ((-9)/6)/(c/s)?
1
Let f(c) = c**3 - 106*c**2 - 310*c + 471. What is the tens digit of f(109)?
2
Let q(m) = -1828*m + 4038. What is the hundreds digit of q(-3)?
5
Suppose 0 = 12*d + 30 + 54. What is the hundreds digit of 784 - (-3 + (-2 - d) + 0)?
7
Let j = -2360 + 4470. Let d = 3141 - j. What is the thousands digit of d?
1
Let m = 73 + -68. Suppose 2*d = -m*d + 2100. Suppose -99*c = -101*c + d. What is the hundreds digit of c?
1
Let j = -39 - -44. Suppose -10 = -2*b, i + 23 + 0 = j*b. Let c(q) = 147*q + 1. What is the tens digit of c(i)?
9
Let h = 1713 - -544. Let b = 3266 - h. What is the hundreds digit of b?
0
Suppose -29*s + 48 = -23*s. What is the units digit of s/224*-12 + (-12704)/(-14)?
7
Let s be ((-12)/10*1)/((-1)/(-35)). What is the units digit of (-52)/(-546) - 62660/s?
2
Let p(n) = -n**3 + n**2 - 11*n + 9680. What is the units digit of p(0)?
0
Let v(g) = -g + 1. Let w be v(6). Let y be -1*1*(-1 + 10/w). Suppose -2*i + 155 = 2*i + y*n, i - 4*n = 34. What is the tens digit of i?
3
Suppose -3*x + 0*x = -54. Let p(b) be the second derivative of -b**4/12 + 7*b**3/2 + 35*b**2/2 - 2*b + 7. What is the tens digit of p(x)?
8
Let k be ((-260)/(-14))/((-9)/(-63)). Let y = 74 - k. Let a = 95 + y. What is the units digit of a?
9
Let j = -26519 - -57876. What is the tens digit of j?
5
Let c(l) = 63*l + 108. Let k be c(9). Let d = 677 - k. What is the units digit of d?
2
What is the hundreds digit of 940901/169 + (-18)/39?
5
Suppose -4*t - 1236 = -7*t. Let p = -234 + t. What is the hundreds digit of p?
1
Let l(o) = o**3 + 44*o**2 - 66*o + 182. What is the hundreds digit of l(-39)?
3
Let x be (-48)/(-36) + (4/(-6))/(-1). Suppose 11*r + x*r - 1378 = 0. What is the units digit of r?
6
Let k(p) be the third derivative of 19*p**6/120 - p**5/12 + p**4/12 + p**3 - 18*p**2. What is the units digit of k(2)?
2
Let u(f) = -7*f**3 - 4*f**2 + 31*f + 180. What is the thousands digit of u(-9)?
4
Suppose 138 + 342 = 20*g. Suppose a - 2*x - 346 = 0, 0 = a + 2*x - g - 318. What is the hundreds digit of a?
3
Let h(s) = -s**3 - s**2 + 5*s + 2. Let p be h(2). Suppose -x = 4*o - 1920 - 1413, p = x - 5. What is the hundreds digit of o?
8
Suppose 0 = 8*u - 39 + 15. Let v(c) = -u*c + 12*c**2 - 30*c**2 + 21*c**2 + 11*c**2 - 1. What is the hundreds digit of v(4)?
2
Suppose -2*i - 1 = 2*x - 7*x, -2*x + 2 = 0. Suppose 739 = 3*b - 2*b + i*p, b - 5*p - 739 = 0. What is the tens digit of b?
3
Suppose -4*k + 27966 = -f, 13*k - 12*k = 5*f + 6982. What is the units digit of k?
2
Let j(d) = 109*d - 431. Let i(a) = -166*a + 647. Let s(f) = 5*i(f) + 7*j(f). What is the tens digit of s(-9)?
2
What is the hundreds digit of 426/8*(-10528)/(-84)?
6
Suppose 3*o = -3*w + 82 + 19055, 0 = 5*w - 25. What is the thousands digit of o?
6
Let f be 12/(-7 + 9) - -72. Let q = 655 + f. What is the tens digit of q?
3
What is the thousands digit of 4/(-12) + 98930/78?
1
Suppose u - 2*b + 23 = 6*u, -u = b - 4. Suppose -4*h + 2364 = 4*t, -5*h = -u*t - 1255 - 1700. What is the units digit of h?
1
Let a(l) = 1690*l + 1228. What is the tens digit of a(9)?
3
Let j(l) = -3*l**3 + l**2 - l - 6. Let m be j(6). Let w = m + 1475. What is the hundreds digit of w?
8
Let m be -222*3/9*2. Suppose -y + 1113 = 2*y. Let r = m + y. What is the hundreds digit of r?
2
Suppose -20*b + 23*b = 15. Suppose 2666 = b*w - 224. What is the units digit of w?
8
What is the units digit of ((9/(-12))/(99/(-44)))/((-4)/(-70608))?
4
Let t = -29645 + 53669. Suppose 0 = m + 11*m - t. Suppose p + 12*p = m. What is the units digit of p?
4
Let p(r) = -102*r - 68. Let o be p(-19). Suppose 11*c = c + o. What is the hundreds digit of c?
1
Suppose -2675 = 2*n + 23*n. Let r = 259 - n. What is the tens digit of r?
6
Let f(x) = 33*x**3 + 6*x**2 + 13*x + 11. Let r(u) = 66*u**3 + 11*u**2 + 24*u + 23. Let k(v) = 5*f(v) - 3*r(v). What is the hundreds digit of k(-2)?
2
Suppose -3*r = 15, 0 = g + 5*r + 23 - 2. Suppose -a + 7 - g = 0. Suppose -2*s - a*j + 0*j = -312, 0 = 3*s - 5*j - 506. What is the units digit of s?
2
Suppose 3*p + 4*k - 26994 = 0, -5*p + 44990 = 340*k - 338*k. What is the hundreds digit of p?
9
Let y = -185 + 185. Suppose y = i - 2*q - 3*q - 1177, 3*i + 2*q = 3514. What is the hundreds digit of i?
1
Let x(t) = 429*t - 2530. What is the thousands digit of x(48)?
8
What is the hundreds digit of 3472 - 15 - 52/(-4)?
4
Suppose 8 = h + 3. Suppose 0 = -h*y - 64 + 329. Let z = 106 - y. What is the tens digit of z?
5
Let o(q) = -1726*q - 13938. What is the units digit of o(-40)?
2
Let o be (-108)/81 + (-8)/(-6) + 4. What is the tens digit of (64 - o - -4) + (-2 - -1)?
6
Let a(j) = 21*j**2 + 9*j - 122. What is the units digit of a(-17)?
4
Let x(q) = -q**3 - 19*q**2 - 18*q - 16. Let p be x(-10). Let j = p - -1141. What is the units digit of j?
5
Suppose -o + 4*o + 3*g - 18 = 0, 3*o - 12 = 3*g. Suppose -912 = -c - 2*t, o*c - 2737 = 2*c - 5*t. What is the tens digit of c?
1
Suppose -50*c + 3*j - 1248 = -48*c, 5*j = 3*c + 1874. Let p = c - -1231. What is the hundreds digit of p?
6
Let g be 2 + 1 - 3/((-6)/2). Let c be 7/(-2) + 4 - 14/g. What is the units digit of ((-56)/21)/(c/135)?
0
Suppose 114*x - 117*x + 4*i = -116202, 0 = -x - 5*i + 38715. What is the units digit of x?
0
Let j(f) = 9990*f**2 - 40*f - 76. What is the tens digit of j(-2)?
6
Let b(d) = 10*d**2 - 60*d + 17. What is the units digit of b(-13)?
7
Suppose 3589*d - 3594*d + 55515 = 0. What is the tens digit of d?
0
Suppose 2*q = -5*o + 2, 0*o - 2*q = -3*o + 14. Suppose -469 = o*w - 9*w. What is the units digit of w?
7
Let b be (1 + 7)*13/(-26). Let l be (-8*2)/b - 0. Suppose